 = -4*i**2 + i**3 + 4 + i**h - 6 + 0 - i. Calculate y(4).
10
Let r(v) = -98 - 99*v + 22*v**2 + 83*v + 108 + 3*v**3. Give r(-8).
10
Let i(k) = k**2 - 7*k - 58. Let h be i(-5). Let c(f) = f**2 - f + 2*f - 3*f**2 - h*f**3 - 4 + 0*f**2 + f**3. Let y(v) = -2*v + 5. Let g be y(4). Give c(g).
2
Let t(w) = 5 + 0*w + w - 6. Let d(c) = -4*c - 5. Let l be (2 - 5)*-2 - (2 + 4). Let s be d(l). Give t(s).
-6
Let z(t) = -3*t**2 - 26*t - 35. Let q be (-21 - 385/(-15))/((-2)/3). What is z(q)?
0
Let v(b) = 11*b**2 + b + 1. Let c(u) = -5*u**2. Let n(o) = 9*c(o) + 4*v(o). Let a(k) = 2*k**2 + 5*k - 19. Let y be a(-5). Determine n(y).
-8
Let i(o) = -o**3 - 6*o**2 - 52*o - 312. Let y be i(-6). Let t(n) = 2*n + 58. Give t(y).
58
Suppose 27*c + 507 - 657 = -23*c. Let k(q) = -7*q - 32. What is k(c)?
-53
Let d(x) = x**3 - 14*x**2 + 11*x - 2. Let y(o) = 7*o**3 + 2*o**2 - 4*o + 23. Let q be y(-4). Let s be (q/261)/(2/(-18)). Determine d(s).
-28
Let g(a) = -11 + 704*a - 6 - 706*a + 4. What is g(-22)?
31
Let p(w) = -w - 4. Let v(k) = 7*k**2 - 109*k + 4. Let z be v(21). Let f = 799 - z. Give p(f).
-1
Let g(k) = 2*k + 3. Let s be g(-2). Let c(b) = 2*b**2 - 5. Let q be c(2). Let p(o) = o - q*o + 4*o. Calculate p(s).
-2
Let j(c) = -2*c**3 - 3*c**2 + 5*c + 4. Suppose 3*b - 3*d - 27 + 138 = 0, -5*b + d - 197 = 0. Let f be b/30*54/24. What is j(f)?
16
Let d(o) = -40*o + 77. Let y(x) = -84*x + 153. Let w(m) = -7*d(m) + 3*y(m). Determine w(3).
4
Let o(n) = 2*n**3 - 4 + 3*n**2 - n**3 + 2. Suppose -5 = -3*p - 2, -4*m - 2516 = 4*p. Let j be (7*40/m)/(2/(-9)). Calculate o(j).
18
Let k(g) = 90*g + 323. Let a(p) = 23*p + 78. Let v(u) = -25*a(u) + 6*k(u). What is v(3)?
-117
Suppose 0 = 12*u - 87 + 75. Let a(i) = 2*i + 12*i + u + 1 + 1 - 5. Give a(-2).
-30
Let j(b) = b**3 + 18*b**2 + 21*b + 53. Suppose -560*p + 578*p + 170 = -136. Determine j(p).
-15
Let n = 143 + -91. Suppose -n*y = -50*y + 8. Let u(t) = -t**2 - 6*t. Give u(y).
8
Let j(s) = -s**2 + 9*s - 13. Let n be 1/(-5 + (1519/42)/7). Calculate j(n).
5
Let w(k) = k**3 - 5*k**2 + k. Suppose 3*n - 3*j = 21, 5*n + 5*j = 8*n - 29. Suppose -5*h - 7 = -6*h - z, -31 = -5*h - n*z. Give w(h).
5
Let l(o) = -4*o - 57. Let d be l(-13). Let g be d*(-60)/175*28/8. Let p(f) = -3*f + 6. Give p(g).
-12
Let f(z) = 6*z**2 - 3*z - 1. Let s(c) = -c**2 - 14*c + 17. Let g be s(1). Give f(g).
17
Let k(y) = 3*y**3 - 10*y**2 + y + 18. Let u(j) = -16*j**3 + 52*j**2 - 5*j - 92. Let o = 690 - 679. Let v(f) = o*k(f) + 2*u(f). Calculate v(5).
-6
Let o(y) be the first derivative of -y**4/4 - 8*y**3/3 - 11*y**2/2 - 14*y - 2803. Give o(-7).
14
Let t be (-3)/((-3)/6 - 0). Let x(q) = -324*q + 165*q - 8 + 162*q. Calculate x(t).
10
Suppose 0 = -7*c + 16 - 114. Let k(j) = -2*j + 7. Calculate k(c).
35
Let i(d) = d**2 - 24. Let a be i(-5). Let z(m) = -3*m**3 + 7*m**3 + m - m**3 - a. What is z(-2)?
-27
Let d(r) = -r**3 - 12*r**2 + 27*r + 2. Suppose 17*z + 378 = -10*z. Let n be d(z). Let v(o) = -o**2 + 16*o + 3. Determine v(n).
3
Let p(m) = -m**3 - 16*m**2 - 13*m + 32. Let k be p(-15). Let v be (-245)/(-49) - 26/k. Let f(w) = w**2 + 11*w + 5. Give f(v).
-19
Let l(o) = 6*o - 13. Suppose 13*i + 3*v = 14*i + 7, 7*v + 29 = 5*i. Give l(i).
89
Let p be ((-171)/(-38))/(-1*6/(-8)). Suppose -2*k + p = -d, -8*d + 6 = -9*d + 3*k. Let m(v) = -v - 3. What is m(d)?
3
Let f = 62 + -57. Let m(y) = 3*y - f*y + 0*y + 1 + 7*y. What is m(5)?
26
Let s(x) be the first derivative of x**3/3 - 21*x**2 + 441*x + 7729. Determine s(23).
4
Let d(n) = n + 11. Suppose -43 = -25*f + 407. Suppose w + m = -m - f, -w + 12 = -4*m. What is d(w)?
3
Let o(v) = v**2 + 6*v - 15. Let f(g) = -1. Let y(b) = 6*f(b) - o(b). Let z be 42/4*(-4)/6. Calculate y(z).
2
Let f(d) be the third derivative of 39*d**2 - 1/6*d**3 + 0*d - 5/24*d**4 + 0 + 1/60*d**5. Give f(4).
-5
Let k = -1 - -12. Let l(y) be the third derivative of -y**6/120 + y**5/6 + y**4/2 - 3*y**3/2 + 105*y**2. Determine l(k).
2
Let p(t) be the third derivative of t**6/120 + t**5/6 + 13*t**4/24 + 13*t**3/6 + 6*t**2 - 102. Determine p(-8).
37
Let n(j) = 8*j**3 - 2*j - 1. Let z(k) = k**2 + 27*k + 163. Let t be z(-9). Suppose 12*x - 8*x - 2*b = 0, -3*x = -2*b - t. Calculate n(x).
-7
Let v(n) = -n**3 + n - 4. Suppose -x + 6*y - y = -44, -2*x + 3*y + 53 = 0. Let q = x + -19. Let i be v(q). Let r(t) = t**2 + 4*t + 4. Determine r(i).
4
Let h = -17239 - -17231. Let a(p) = -9*p - 23. Give a(h).
49
Suppose -150 = -15*w + 10*w. Suppose -13*l + 28*l = -w. Let t(r) = 2*r + 3. Determine t(l).
-1
Let c(b) be the first derivative of -b**4/4 - 3*b**3 - b**2/2 + 2*b - 127. Let w(l) = 2*l**3 + 16*l**2 + 2*l - 3. Let y(f) = 5*c(f) + 3*w(f). Calculate y(-2).
3
Let n(s) = -4*s**2 - 6*s + 123. Let z(v) = -v**2 - 2*v + 31. Let c(w) = 4*n(w) - 15*z(w). What is c(7)?
20
Let i be 1/(1*-5*(-4)/140). Let q(v) = 13*v - 4. Let h(w) = -7*w + 3. Let n(a) = i*h(a) + 4*q(a). Determine n(-3).
-4
Let v(u) be the third derivative of 12*u**2 + 0 - 1/8*u**4 + 1/40*u**5 + 0*u - 2*u**3. Let k(a) be the first derivative of v(a). Give k(2).
3
Let w(x) = -x**3 - 7*x**2 + 2*x - 6. Let o = 898 - 893. Suppose 6 - 24 = -2*h. Suppose -o = 2*b + h. Determine w(b).
-20
Let i(t) = -t**2 + 5. Let x be i(-2). Let z(y) be the third derivative of -31*y**4/24 - y**3/6 + 168*y**2. Determine z(x).
-32
Let f(r) be the third derivative of -r**6/120 - r**4/24 + r**3/3 + 2*r**2. Suppose 0 = 3*y - u - 116 - 57, 3*u - 293 = -5*y. Let i = 58 - y. What is f(i)?
2
Let t(j) be the third derivative of 3*j**2 - 1/3*j**3 - 4*j + 1/12*j**4 + 0. Determine t(5).
8
Suppose 5*v - 25 + 15 = 0. Let j be v/2*(-10 - -7) - 3. Let b(k) = 5 - 5 - 8*k - 2 - k**2. What is b(j)?
10
Let g(z) = -18 - 3 + 27 + 15 + 22 - 7*z. Give g(8).
-13
Let l(f) = 3*f**3 + f**2 - 5*f + 22. Let c(b) = 4*b**3 + b**2 - 7*b + 20. Let n(k) = -2*c(k) + 3*l(k). Let q = 237 - 237. What is n(q)?
26
Let o(y) = 16*y + 12 + 3*y - 27*y + y - 3. Determine o(0).
9
Let x = 8 + -7. Let f(v) = -28*v**2 + 76*v**2 - 2*v - 39*v**2 + x. Let l = -26 + 27. Determine f(l).
8
Let u(s) = -724*s + 16. Let c(p) = 52*p + 1. Let i(j) = 28*c(j) + 2*u(j). Give i(-5).
20
Let w(y) = -15*y. Suppose 4*x = -5*m - 7, -5*x + 2*x + 5*m + 21 = 0. Suppose -3*l + 6*l = -a - 33, -x*l - 22 = -2*a. Let d = -12 - l. Give w(d).
15
Let z(a) = -78*a - 14 + 79*a + 9 - 17. Give z(0).
-22
Let r(t) be the third derivative of -8*t**5/5 + t**4/8 + t**3/3 + 479*t**2 + 3*t. What is r(-1)?
-97
Let o(t) = t + 10. Suppose -4*p = -26*p + 176. Suppose p*i + 3*i = 121. Determine o(i).
21
Let r(d) = -7436*d + 5*d**2 + 7433*d - 11*d**2 + 10 - d**3. What is r(-5)?
0
Suppose 0 - 10 = -5*w. Let a(n) = -419 - n + 0*n - 446 + 0*n + 868. What is a(w)?
1
Let p(b) = -b**3 + 0 + 4*b**2 - 2*b**2 - 4 + b**2 + 5*b + 0*b**2. Give p(4).
0
Let z(r) = 7*r**3 + 51*r**2 + r - 32. Let c(p) = 6*p**3 + 44*p**2 + p - 31. Let u(y) = -6*c(y) + 5*z(y). Calculate u(-6).
-76
Let s(u) be the first derivative of u**3/3 + 9*u**2/2 + 15*u - 2400. Give s(-5).
-5
Let y be 3/1 + (4 + -3)*-4. Let i(d) = -4*d**2 - 3*d. Let k(o) = 2*o**2 + o. Let g(r) = 2*i(r) + 5*k(r). Calculate g(y).
3
Let w(m) = 2*m - 14. Suppose 2*f - 78 = -52. Suppose -f*q - 27 = 103. Determine w(q).
-34
Let r(c) be the third derivative of c**5/30 - c**4/8 + c**3/3 + 16*c**2. Suppose 4*h - 12*h + 16 = 0. Give r(h).
4
Let w = -384 + 390. Let v(a) be the third derivative of -a**4/24 + 7*a**3/6 + 3*a**2 - 3*a. What is v(w)?
1
Let n(m) = -261*m**2 + 41*m + 25. Let l(b) = 163*b**2 - 27*b - 17. Let j(z) = -8*l(z) - 5*n(z). What is j(-12)?
23
Let y(h) = -h**3 - 5*h**2 - 2*h + 4. Suppose 2*q - 70 = 2*c, -2*c + 140 = 2*q + 2*q. Let w be 133/q + (-2)/(-10). Suppose 0 = w*f - 5 + 21. Calculate y(f).
-4
Suppose 12*w + 767 = -2473. Let r be w/40 + (15/20)/1. Let u(y) = -y + 1 + 0*y - 3. Give u(r).
4
Let a(x) be the first derivative of x**4 - x**3/3 - x**2/2 + 7*x + 415. Calculate a(2).
33
Let q(l) = 10*l. Suppose -29*x + 6 = -26*x. Suppose -z = 5*m - 16, 3*z + 0*z - x*m = -3. Determine q(z).
10
Let u = -22 + 24. Suppose 6*w = 32 - u. Let d(i) = 3*i**3 - w*i**2 + 3*i - 2*i**3 + 0*i + 2. Give d(3).
-7
Let g(q) = -q**3 - 3*q**2 - 4*q - 2. Suppose 16 = -4*u + 8, -3*k - 4*u = 29. Let m be (-72)/34 - k*(-10)/(-595). Calculate g(m).
2
Suppose d = 3*k - 13, 3*k = -k + d + 17. Let b(n) be the first derivative of 3*n